der when 26559 is divided by 17.
5
Calculate the remainder when 419 is divided by 405.
14
What is the remainder when 5131 is divided by 243?
28
Calculate the remainder when 11037 is divided by 5514.
9
Calculate the remainder when 51354 is divided by 62.
18
What is the remainder when 3282398 is divided by 110?
108
What is the remainder when 15761 is divided by 175?
11
Calculate the remainder when 4351 is divided by 231.
193
What is the remainder when 286050 is divided by 1207?
1198
Calculate the remainder when 6593 is divided by 3212.
169
Calculate the remainder when 3958 is divided by 120.
118
What is the remainder when 22202 is divided by 261?
17
What is the remainder when 145346 is divided by 31?
18
Calculate the remainder when 55 is divided by 42.
13
What is the remainder when 1904 is divided by 112?
0
Calculate the remainder when 5299 is divided by 524.
59
Calculate the remainder when 124984 is divided by 523.
510
Calculate the remainder when 2293 is divided by 13.
5
What is the remainder when 63325 is divided by 681?
673
What is the remainder when 8976 is divided by 358?
26
Calculate the remainder when 1571 is divided by 1504.
67
What is the remainder when 25394 is divided by 164?
138
Calculate the remainder when 4873664 is divided by 465.
464
What is the remainder when 503 is divided by 25?
3
What is the remainder when 3051 is divided by 2111?
940
What is the remainder when 694078 is divided by 20?
18
What is the remainder when 479 is divided by 470?
9
Calculate the remainder when 925935 is divided by 88.
87
What is the remainder when 633806 is divided by 15?
11
Calculate the remainder when 43373 is divided by 1806.
29
Calculate the remainder when 3152 is divided by 418.
226
What is the remainder when 47423 is divided by 39?
38
What is the remainder when 55346 is divided by 18417?
95
Calculate the remainder when 4339 is divided by 228.
7
Calculate the remainder when 268796 is divided by 112.
108
Calculate the remainder when 15669 is divided by 33.
27
What is the remainder when 3930 is divided by 82?
76
Calculate the remainder when 9688 is divided by 9663.
25
What is the remainder when 1054 is divided by 646?
408
Calculate the remainder when 19118 is divided by 75.
68
What is the remainder when 3679 is divided by 1160?
199
What is the remainder when 51988 is divided by 12?
4
What is the remainder when 579 is divided by 392?
187
Calculate the remainder when 23550 is divided by 2140.
10
Calculate the remainder when 65854 is divided by 41.
8
Calculate the remainder when 615 is divided by 151.
11
What is the remainder when 524 is divided by 481?
43
Calculate the remainder when 18963 is divided by 3678.
573
What is the remainder when 5924 is divided by 95?
34
Calculate the remainder when 54313 is divided by 4.
1
What is the remainder when 382 is divided by 78?
70
Calculate the remainder when 2528711 is divided by 11.
9
Calculate the remainder when 23922 is divided by 2226.
1662
Calculate the remainder when 428011 is divided by 200.
11
What is the remainder when 230298 is divided by 323?
322
Calculate the remainder when 867581 is divided by 471.
470
What is the remainder when 45329 is divided by 139?
15
What is the remainder when 15158 is divided by 72?
38
Calculate the remainder when 157286 is divided by 1443.
1442
Calculate the remainder when 17229 is divided by 215.
29
Calculate the remainder when 2906 is divided by 83.
1
What is the remainder when 80499 is divided by 264?
243
Calculate the remainder when 193635 is divided by 118.
115
What is the remainder when 11172 is divided by 56?
28
Calculate the remainder when 93835 is divided by 93.
91
Calculate the remainder when 169604 is divided by 28262.
32
What is the remainder when 106916 is divided by 11?
7
What is the remainder when 30536 is divided by 55?
11
Calculate the remainder when 91694 is divided by 91663.
31
Calculate the remainder when 6491 is divided by 32.
27
Calculate the remainder when 3700 is divided by 654.
430
Calculate the remainder when 19113 is divided by 66.
39
What is the remainder when 270986 is divided by 66?
56
What is the remainder when 21014 is divided by 1748?
38
What is the remainder when 2832380 is divided by 614?
612
What is the remainder when 2582 is divided by 63?
62
What is the remainder when 1194 is divided by 5?
4
Calculate the remainder when 6856 is divided by 100.
56
Calculate the remainder when 5204290 is divided by 181.
178
What is the remainder when 196542 is divided by 520?
502
What is the remainder when 954 is divided by 25?
4
What is the remainder when 1928 is divided by 458?
96
What is the remainder when 8974 is divided by 176?
174
What is the remainder when 262950 is divided by 113?
112
What is the remainder when 4049 is divided by 275?
199
What is the remainder when 153715 is divided by 10?
5
What is the remainder when 37370 is divided by 246?
224
What is the remainder when 27408 is divided by 449?
19
What is the remainder when 165930 is divided by 165894?
36
What is the remainder when 296 is divided by 108?
80
Calculate the remainder when 100975 is divided by 84.
7
Calculate the remainder when 58867 is divided by 577.
13
Calculate the remainder when 24957 is divided by 312.
309
Calculate the remainder when 514342 is divided by 78.
10
Calculate the remainder when 1858 is divided by 362.
48
Calculate the remainder when 7241 is divided by 3608.
25
What is the remainder when 10021 is divided by 13?
11
Calculate the remainder when 10725 is divided by 5362.
1
Calculate the remainder when 3165 is divided by 152.
125
Calculate the remainder when 351682 is divided by 496.
18
Calculate the remainder when 19100 is divided by 506.
378
What is the remainder when 7707 is divided by 1520?
107
Calculate the remainder when 2299 is divided by 492.
331
What is the remainder when 517340 is divided by 634?
630
Calculate the remainder when 29404 is divided by 9795.
19
Calculate the remainder when 26174 is divided by 132.
38
Calculate the remainder when 41797 is divided by 5.
2
What is the remainder when 125 is divided by 38?
11
What is the remainder when 4193 is divided by 24?
17
What is the remainder when 58681 is divided by 86?
29
Calculate the remainder when 86459 is divided by 6.
5
Calculate the remainder when 1971 is divided by 104.
99
Calculate the remainder when 88291 is divided by 2846.
65
What is the remainder when 28083 is divided by 17?
16
Calculate the remainder when 679 is divided by 200.
79
Calculate the remainder when 132779 is divided by 3492.
83
Calculate the remainder when 402 is divided by 342.
60
Calculate the remainder when 25234 is divided by 24.
10
What is the remainder when 1991 is divided by 195?
41
Calculate the remainder when 394326 is divided by 9.
0
What is the remainder when 248561 is divided by 27?
26
Calculate the remainder when 100605 is divided by 131.
128
What is the remainder when 291068 is divided by 11194?
24
Calculate the remainder when 336729 is divided by 151.
150
Calculate the remainder when 3831 is divided by 814.
575
Calculate the remainder when 18195 is divided by 225.
195
Calculate the remainder when 27581 is divided by 4544.
317
What is the remainder when 21507 is divided by 33?
24
Calculate the remainder when 119884 is divided by 29968.
12
What is the remainder when 188599 is divided by 6286?
19
What is the remainder when 16562 is divided by 1642?
142
What is the remainder when 101564 is divided by 915?
914
What is the remainder when 1632677 is divided by 833?
830
What is the remainder when 6507 is divided by 282?
21
What is the remainder when 1097 is divided by 272?
9
What is the remainder when 2713 is divided by 103?
35
What is the remainder when 11134 is divided by 857?
850
Calculate the remainder when 117316 is divided by 581.
535
What is the remainder when 3206 is divided by 193?
118
Calculate the remainder when 50735 is divided by 700.
335
Calculate the remainder when 1335355 is divided by 124.
123
What is the remainder when 83698 is divided by 465?
463
What is the remainder when 160832 is divided by 209?
111
Calculate the remainder when 4925 is divided by 188.
37
What is the remainder when 2066 is divided by 5?
1
Calculate the remainder when 714631 is divided by 702.
697
What is the remainder when 8522 is div